he remainder when 1358 is divided by l.
66
Let q = 543 + -555. Calculate the remainder when 199 is divided by -3 + 3 - (-8 + q).
19
Suppose 750*n - 28 = 746*n. What is the remainder when 147 is divided by n?
0
Suppose 0 = 3*z + 2*z - 3*b - 50, -3*z + 30 = 5*b. Let n(a) = 2*a**2 - 14*a - 45. Calculate the remainder when n(11) is divided by z.
3
What is the remainder when 317 is divided by 6 - 27/3 - (-410)/10?
13
Suppose 4*a + 3*h = 173, 3*a = -24*h + 18*h + 141. Let i = 73 - 27. What is the remainder when i is divided by a?
5
Calculate the remainder when 959210/966 + 56/1932 is divided by 197.
8
Let u(t) = 136*t - 379. What is the remainder when u(8) is divided by 114?
25
What is the remainder when (-304885)/(-248) - 9/24 is divided by 295?
49
Suppose -26*u + 1801 = -4881. Calculate the remainder when u is divided by 26.
23
Calculate the remainder when 646 is divided by (-3)/12*-1252 + -9 + 15.
8
Suppose 55*a = 12278 - 3093. What is the remainder when 550 is divided by a?
49
Let j(q) be the second derivative of -1/20*q**5 - 13/2*q**2 - 7/12*q**4 + 0 - 16*q - 7/2*q**3. What is the remainder when j(-7) is divided by 27?
26
Calculate the remainder when 7*(144/(-7))/(-1) - (408 + -410) is divided by 40.
26
Let s(c) = 6*c - 4 - c - 2. Suppose -239 + 347 = 3*w + 3*q, w - 56 = -3*q. Calculate the remainder when w is divided by s(4).
12
Let j(w) = 101*w + 1528. Calculate the remainder when 72 is divided by j(-15).
7
Suppose 3*i - 4*x - 644 = 0, -133*i + 128*i + 1078 = -2*x. What is the remainder when 475 is divided by i?
43
Suppose -2*p - r = -9, 5 = p + 3*r - 2. Suppose 0*w + 89 = s - 2*w, -p*s + 291 = 5*w. Calculate the remainder when 234 is divided by s.
76
Suppose 2*x + 35 - 19 = 2*d, 0 = -7*d + x + 86. What is the remainder when 840 is divided by d?
8
Suppose 3*q + m = 28, 15 = 3*q - q - 3*m. Suppose 3*v - 2*v = -4*g + 255, -3*v = -q. Calculate the remainder when 110 is divided by 1680/g + 8/6.
26
Suppose -20*y - 82325 = -88125. What is the remainder when y is divided by 39?
17
Suppose 5*z - 5*i - 85 = 0, -9*i - 12 = -13*i. Calculate the remainder when 102 is divided by z.
2
Calculate the remainder when 152 is divided by -4 + 69 + (138/230)/((-2)/20).
34
Suppose 153*q = 5*y + 158*q - 31615, 0 = 4*y - 2*q - 25262. Calculate the remainder when y is divided by 16.
14
Let u = -352 - -609. Calculate the remainder when u is divided by 71.
44
Let b(x) = -x**3 - 19*x**2 - 5*x + 100. Suppose -3*m - 66 = 3*q, -2*m + q + 6 = 41. Let l = 39 + -6. What is the remainder when b(m) is divided by l?
30
Let c = -6210 - -6330. Calculate the remainder when c is divided by 16.
8
Let b(x) = 2*x + 254. Let w be b(-37). Suppose 4*q + 8*q = w. What is the remainder when 178 is divided by q?
13
Suppose 0 = 3*z + 3*l - 18, 2*z + 3*l - 5*l = 20. Let d be (-4)/z + (-5)/(-2). What is the remainder when 64 is divided by (-345)/20*d*(-4)/6?
18
Suppose 365*f - 227*f = 7747 + 5777. Calculate the remainder when f is divided by 9.
8
Suppose 111*b - 18350 = -52*b + 28105. What is the remainder when 287 is divided by b?
2
Let n(w) = w**2 + 2*w + 3. Let x be n(13). Suppose 0 = 4*b + 2*q - x, 4*b - 219 = -2*q + 7*q. Calculate the remainder when b is divided by 40.
11
Let c(r) = -258*r - 4670. Calculate the remainder when 2091 is divided by c(-19).
3
Suppose 0 = 28*k - 31*k + 12. Suppose k*o - 107 = -7. What is the remainder when 39 is divided by o?
14
Let y be 5 - 28/8 - 405/(-6). Calculate the remainder when 47 is divided by 2/(8/(-2)) - y/(-6).
3
Let p(d) = 2*d**2 - 36*d + 1851. What is the remainder when p(0) is divided by 5?
1
Suppose 1556 = -3*j + 7*j - 2*w, 2*w + 8 = 0. What is the remainder when j is divided by 63?
9
Let f = -17 + 30. Let s(v) be the second derivative of -v**5/20 - v**4/12 + 11*v**3/6 + 31*v**2 + 4*v - 9. What is the remainder when s(0) is divided by f?
10
Let n = -8810 - -12769. Calculate the remainder when n is divided by 233.
231
Let v = 336 - -466. Let n = -4 + 6. Suppose -5*y + v = -3*u, -n*y = 3*y + 2*u - 782. What is the remainder when y is divided by 10?
8
Calculate the remainder when (-10*80046/(-405))/(4/18) is divided by 31.
28
Suppose 1281*q = 1283*q - 74. Suppose -q = -18*y + 575. What is the remainder when y is divided by 21?
13
Let r = 468 + -110. Let q = -225 + r. What is the remainder when q is divided by 8?
5
Suppose -23 = -21*z + 19. Suppose -4*s - z*q = -1784, 10*q - 6*q = -s + 453. Calculate the remainder when s is divided by 16.
13
Let b = -6 - -13. Let s = -6720 - -6768. What is the remainder when s is divided by b?
6
Let a(y) = -4*y - 23. Suppose -93 = -5*m + 2*m. Suppose 2*k = -17 + m. What is the remainder when k is divided by a(-7)?
2
Let j = -18651 - -19158. What is the remainder when 4569 is divided by j?
6
Let d(b) be the third derivative of 4*b**4/3 + b**3/3 - 37*b**2. Let l be d(3). Suppose 2*p + l = 404. Calculate the remainder when p is divided by 26.
23
Let g = 503 - 123. Let b = g + -328. What is the remainder when b is divided by 14?
10
Let q be 2349 + (-5 - -2) + 1. Suppose q = 10*k - 1873. What is the remainder when k is divided by 47?
46
Suppose -q = -n + 757 - 789, 2*n - 41 = -q. What is the remainder when 69 is divided by q?
34
Let t be 15/(-5*2/(-30)). Let s = -3 + 6. Calculate the remainder when t/(-10)*(-14)/s is divided by 9.
3
Let g be 36/(-8)*28/(-21). Let x(q) = -4*q + 24. Let c be x(g). Suppose 5*s + 2*s - 665 = c. What is the remainder when s is divided by 24?
23
Let z(i) be the first derivative of i**4/4 - 4*i**3/3 - 2*i**2 + 10*i + 57. Calculate the remainder when 67 is divided by z(5).
7
Suppose -5*y = 0, 5*q - y + 0*y - 3310 = 0. Let h = q - 634. Let w = -201 + 282. Calculate the remainder when w is divided by h.
25
Suppose -270*u + 63 = -261*u. Suppose 3 = 2*f - 3. Suppose -4*g = -f - 13. What is the remainder when u is divided by g?
3
Let b be ((-4)/(-6))/(-2*(-3)/90). Suppose -2*w + b = 8. What is the remainder when (1 - 0) + w + -3 + 14 is divided by 8?
5
Suppose -z + 432 = 74. Let p = 388 - z. What is the remainder when p is divided by 7?
2
What is the remainder when 4/24 - (546/(-45))/((-4)/(-85)) is divided by 95?
68
Suppose 0 = -1990*p + 1992*p - 340. Suppose 5*m + 4*u - 22 = p, -u + 111 = 3*m. What is the remainder when 99 is divided by m?
27
Let o(t) = 4*t**2 - 429*t + 3925. Let k(g) = -2 + 4*g**2 + g**3 + 3*g + g**2 - 6*g. What is the remainder when o(10) is divided by k(-5)?
9
Calculate the remainder when 231 is divided by (-168)/((-45 + 42)*1/2).
7
Suppose -2*h + 34 = -22 + 28. What is the remainder when 5149 is divided by h?
11
Let u be -1 + -2 + 7 + -3 - -309. Suppose -7*r + u = -299. Let l = 144 - r. What is the remainder when l is divided by 15?
12
Let g(n) = 1335*n + 588. What is the remainder when g(3) is divided by 153?
3
Suppose -y = -4, 43*w - 39*w - 360 = 5*y. What is the remainder when 467 is divided by w?
87
Let g(q) = 12*q**2 + 69*q + 338. Calculate the remainder when g(-5) is divided by 92.
17
Let w(f) = 173*f - 1630. What is the remainder when 269 is divided by w(10)?
69
Let r = -85 + 103. Suppose -5*g - 2*o + 67 = 0, -g + r*o + 18 = 23*o. Let m = 2 - -5. What is the remainder when g is divided by m?
6
Suppose 2*u = 3*i + 112, -2*i - 3*i - 112 = -2*u. Let l(v) = -772*v + 19327. What is the remainder when u is divided by l(25)?
2
Suppose -l + 8 = -4*l + 5*q, -3*l - 2*q = -20. Suppose 3*t - 3*b - 3 = 0, -l*t = -0*t - 2*b - 14. Calculate the remainder when 8 is divided by t.
2
Let n be (216/270)/(4/90). Let s(d) be the third derivative of -d**5/60 + 13*d**4/12 + 5*d**3/2 + 2*d**2. What is the remainder when s(n) is divided by 18?
15
What is the remainder when 3473 is divided by -12 + (-300)/((-190)/19)?
17
Suppose 68*j - 70*j + b = -3874, 5*b = j - 1964. Calculate the remainder when j is divided by 43.
42
Let k(t) = 4*t**2 - 32*t + 96. What is the remainder when 210 is divided by k(7)?
6
Suppose 8*x - 231 = 1297. Suppose -n + x = 158. Calculate the remainder when 94 is divided by n.
28
Let k(q) = -q**3 - 70*q**2 - 69*q + 29. What is the remainder when ((-17)/1)/(2/(-20)) is divided by k(-69)?
25
Let u(q) = 2*q**2 - 2*q + 17. Let a = -98 + 98. What is the remainder when 491 is divided by u(a)?
15
Let d = 578 + -437. Calculate the remainder when 559 is divided by d.
136
Let w(c) =